

{"id":28630,"date":"2023-02-23T15:34:15","date_gmt":"2023-02-23T14:34:15","guid":{"rendered":"https:\/\/www.mon-cintre.com\/perchas-personalizadas\/"},"modified":"2025-01-31T10:04:43","modified_gmt":"2025-01-31T09:04:43","slug":"perchas-personalizadas","status":"publish","type":"page","link":"https:\/\/www.mon-cintre.com\/es\/perchas-personalizadas\/","title":{"rendered":"Perchas personalizadas"},"content":{"rendered":"<div class=\"wpb-content-wrapper\"><p>[vc_row][vc_column][vc_single_image image=&#8221;32752&#8243; img_size=&#8221;full&#8221; css=&#8221;&#8221;][\/vc_column][\/vc_row][vc_row][vc_column width=&#8221;1\/4&#8243;][\/vc_column][vc_column width=&#8221;1\/2&#8243;][vc_column_text css=&#8221;&#8221;]<\/p>\n<p>Mon Cintre te ofrece personalizar sus perchas de madera con tu logo o tus iniciales.<br \/>Desde 4,90\u20ac la percha y para un m\u00ednimo de 20 perchas del mismo modelo, unos d\u00edas bastar\u00e1n para hacer \u00fanico tu vestidor o perfeccionar la decoraci\u00f3n de tu tienda.<\/p>\n<p>Elige entre marcado l\u00e1ser o impresi\u00f3n 1 color (m\u00ednimo 50 perchas para impresi\u00f3n).<\/p>\n<p>El <strong>marcado l\u00e1ser<\/strong>, preciso y elegante, revelar\u00e1 el color natural del fresno. De hecho, la t\u00e9cnica de marcado l\u00e1ser consiste en grabar la madera quem\u00e1ndola en la superficie con un l\u00e1ser muy preciso que permite marcar incluso logotipos complejos. As\u00ed, al excavar en la madera de la percha, el verdadero color de la madera se revela bajo el barniz tintado y da este resultado muy apreciado por nuestros clientes.<\/p>\n<p>La impresi\u00f3n, conocida como <strong>tampograf\u00eda<\/strong>, es una t\u00e9cnica que consiste en transferir el color mediante una placa cubierta de tinta para transferirla a la percha. La tampograf\u00eda tiene la ventaja de permitir la adici\u00f3n de un logotipo en 1 color e incluso dorado o plateado. Tenga en cuenta que esta t\u00e9cnica no se adapta a todas nuestras perchas. De hecho, en las perchas de madera cepillada negra, la tinta no podr\u00e1 depositarse en todas partes porque la superficie no es lisa como en nuestros otros colores.<\/p>\n<p>\u00bfTe encanta la personalizaci\u00f3n? Elige tus perchas y tu t\u00e9cnica favorita y escr\u00edbenos para un presupuesto personalizado: <u><a href=\"mailto:info@mon-cintre .com\">info@mon-cintre.com<\/a><\/u><\/p>\n<p>[\/vc_column_text][\/vc_column][vc_column width=&#8221;1\/4&#8243;][\/vc_column][\/vc_row][vc_row][vc_column][vc_column_text]<\/p>\n<div class=\"wp-block-column is-layout-flow wp-block-column-is-layout-flow\" style=\"flex-basis:25%\"><\/div>\n<p><\/div>\n<p><!-- \/wp:post-content --><\/div>\n<p><!-- \/wp:column --><\/div>\n<p><!-- \/wp:columns --><\/div>\n<p><!-- \/wp:column --><\/div>\n<!-- \/wp:columns -->\n<!-- wp:columns -->\n<div class=\"wp-block-columns\"><!-- wp:column {\"width\":\"25%\"} -->\n<div class=\"wp-block-column\" style=\"flex-basis:25%\"><\/div>\n<!-- \/wp:column -->\n<!-- wp:column {\"width\":\"50%\"} -->\n<div class=\"wp-block-column\" style=\"flex-basis:50%\"><!-- wp:video {\"id\":28549} -->\n<figure class=\"wp-block-video\"><video controls poster=\"https:\/\/www.mon-cintre.com\/wp-content\/uploads\/2023\/02\/titre-marquage-laserES.jpg\" src=\"https:\/\/www.mon-cintre.com\/wp-content\/uploads\/2023\/02\/marcado-laser.mp4\"><\/video><\/figure>\n<p><!-- \/wp:video --><\/div>\n<!-- \/wp:column -->\n<!-- wp:column {\"width\":\"25%\"} -->\n<div class=\"wp-block-column\" style=\"flex-basis:25%\"><\/div>\n<p><!-- \/wp:column --><\/div>\n<!-- \/wp:columns -->\n<!-- wp:columns -->\n<div class=\"wp-block-columns\"><!-- wp:column {\"width\":\"25%\"} -->\n<div class=\"wp-block-column\" style=\"flex-basis:25%\"><\/div>\n<!-- \/wp:column -->\n<!-- wp:column {\"width\":\"50%\"} -->\n<div class=\"wp-block-column\" style=\"flex-basis:50%\"><!-- wp:video {\"id\":28624} -->\n<figure class=\"wp-block-video\"><video controls poster=\"https:\/\/www.mon-cintre.com\/wp-content\/uploads\/2023\/02\/tampografia.jpg\" src=\"https:\/\/www.mon-cintre.com\/wp-content\/uploads\/2023\/02\/tampografia.mp4\"><\/video><\/figure>\n<p><!-- \/wp:video --><\/div>\n<!-- \/wp:column -->\n<!-- wp:column {\"width\":\"25%\"} -->\n<div class=\"wp-block-column\" style=\"flex-basis:25%\"><\/div>\n<p><!-- \/wp:column --><\/div>\n<p><!-- \/wp:columns -->[\/vc_column_text][\/vc_column][\/vc_row]<\/p>\n<\/div>","protected":false},"excerpt":{"rendered":"<p>[vc_row][vc_column][vc_single_image image=&#8221;32752&#8243; img_size=&#8221;full&#8221; css=&#8221;&#8221;][\/vc_column][\/vc_row][vc_row][vc_column width=&#8221;1\/4&#8243;][\/vc_column][vc_column width=&#8221;1\/2&#8243;][vc_column_text css=&#8221;&#8221;] Mon Cintre te ofrece personalizar sus perchas de madera con tu logo o tus iniciales.Desde 4,90\u20ac la percha y para un m\u00ednimo de 20 perchas del mismo modelo, unos d\u00edas bastar\u00e1n para hacer&#8230;<\/p>\n","protected":false},"author":1,"featured_media":0,"parent":0,"menu_order":0,"comment_status":"closed","ping_status":"closed","template":"template-visual-composer.php","meta":{"inline_featured_image":false,"footnotes":""},"class_list":["post-28630","page","type-page","status-publish","hentry"],"yoast_head":"<!-- This site is optimized with the Yoast SEO plugin v27.5 - https:\/\/yoast.com\/product\/yoast-seo-wordpress\/ -->\n<title>Perchas personalizadas - MonCintre.com<\/title>\n<meta name=\"robots\" content=\"index, follow, max-snippet:-1, max-image-preview:large, max-video-preview:-1\" \/>\n<link rel=\"canonical\" href=\"https:\/\/www.mon-cintre.com\/es\/perchas-personalizadas\/\" \/>\n<meta property=\"og:locale\" content=\"es_ES\" \/>\n<meta property=\"og:type\" content=\"article\" \/>\n<meta property=\"og:title\" content=\"Perchas personalizadas - MonCintre.com\" \/>\n<meta property=\"og:description\" content=\"[vc_row][vc_column][vc_single_image image=&#8221;32752&#8243; img_size=&#8221;full&#8221; css=&#8221;&#8221;][\/vc_column][\/vc_row][vc_row][vc_column width=&#8221;1\/4&#8243;][\/vc_column][vc_column width=&#8221;1\/2&#8243;][vc_column_text css=&#8221;&#8221;] Mon Cintre te ofrece personalizar sus perchas de madera con tu logo o tus iniciales.Desde 4,90\u20ac la percha y para un m\u00ednimo de 20 perchas del mismo modelo, unos d\u00edas bastar\u00e1n para hacer...\" \/>\n<meta property=\"og:url\" content=\"https:\/\/www.mon-cintre.com\/es\/perchas-personalizadas\/\" \/>\n<meta property=\"og:site_name\" content=\"MonCintre.com\" \/>\n<meta property=\"article:modified_time\" content=\"2025-01-31T09:04:43+00:00\" \/>\n<meta name=\"twitter:card\" content=\"summary_large_image\" \/>\n<meta name=\"twitter:label1\" content=\"Tiempo de lectura\" \/>\n\t<meta name=\"twitter:data1\" content=\"2 minutos\" \/>\n<script type=\"application\/ld+json\" class=\"yoast-schema-graph\">{\"@context\":\"https:\\\/\\\/schema.org\",\"@graph\":[{\"@type\":\"WebPage\",\"@id\":\"https:\\\/\\\/www.mon-cintre.com\\\/es\\\/perchas-personalizadas\\\/\",\"url\":\"https:\\\/\\\/www.mon-cintre.com\\\/es\\\/perchas-personalizadas\\\/\",\"name\":\"Perchas personalizadas - MonCintre.com\",\"isPartOf\":{\"@id\":\"https:\\\/\\\/www.mon-cintre.com\\\/es\\\/#website\"},\"datePublished\":\"2023-02-23T14:34:15+00:00\",\"dateModified\":\"2025-01-31T09:04:43+00:00\",\"breadcrumb\":{\"@id\":\"https:\\\/\\\/www.mon-cintre.com\\\/es\\\/perchas-personalizadas\\\/#breadcrumb\"},\"inLanguage\":\"es\",\"potentialAction\":[{\"@type\":\"ReadAction\",\"target\":[\"https:\\\/\\\/www.mon-cintre.com\\\/es\\\/perchas-personalizadas\\\/\"]}]},{\"@type\":\"BreadcrumbList\",\"@id\":\"https:\\\/\\\/www.mon-cintre.com\\\/es\\\/perchas-personalizadas\\\/#breadcrumb\",\"itemListElement\":[{\"@type\":\"ListItem\",\"position\":1,\"name\":\"Accueil\",\"item\":\"https:\\\/\\\/www.mon-cintre.com\\\/es\\\/\"},{\"@type\":\"ListItem\",\"position\":2,\"name\":\"Perchas personalizadas\"}]},{\"@type\":\"WebSite\",\"@id\":\"https:\\\/\\\/www.mon-cintre.com\\\/es\\\/#website\",\"url\":\"https:\\\/\\\/www.mon-cintre.com\\\/es\\\/\",\"name\":\"MonCintre.com\",\"description\":\"Cintres et accessoires dressing\",\"publisher\":{\"@id\":\"https:\\\/\\\/www.mon-cintre.com\\\/es\\\/#organization\"},\"potentialAction\":[{\"@type\":\"SearchAction\",\"target\":{\"@type\":\"EntryPoint\",\"urlTemplate\":\"https:\\\/\\\/www.mon-cintre.com\\\/es\\\/?s={search_term_string}\"},\"query-input\":{\"@type\":\"PropertyValueSpecification\",\"valueRequired\":true,\"valueName\":\"search_term_string\"}}],\"inLanguage\":\"es\"},{\"@type\":\"Organization\",\"@id\":\"https:\\\/\\\/www.mon-cintre.com\\\/es\\\/#organization\",\"name\":\"MonCintre.com\",\"url\":\"https:\\\/\\\/www.mon-cintre.com\\\/es\\\/\",\"logo\":{\"@type\":\"ImageObject\",\"inLanguage\":\"es\",\"@id\":\"https:\\\/\\\/www.mon-cintre.com\\\/es\\\/#\\\/schema\\\/logo\\\/image\\\/\",\"url\":\"https:\\\/\\\/www.mon-cintre.com\\\/wp-content\\\/uploads\\\/2022\\\/12\\\/logo-blanc.png\",\"contentUrl\":\"https:\\\/\\\/www.mon-cintre.com\\\/wp-content\\\/uploads\\\/2022\\\/12\\\/logo-blanc.png\",\"width\":345,\"height\":205,\"caption\":\"MonCintre.com\"},\"image\":{\"@id\":\"https:\\\/\\\/www.mon-cintre.com\\\/es\\\/#\\\/schema\\\/logo\\\/image\\\/\"}}]}<\/script>\n<!-- \/ Yoast SEO plugin. -->","yoast_head_json":{"title":"Perchas personalizadas - MonCintre.com","robots":{"index":"index","follow":"follow","max-snippet":"max-snippet:-1","max-image-preview":"max-image-preview:large","max-video-preview":"max-video-preview:-1"},"canonical":"https:\/\/www.mon-cintre.com\/es\/perchas-personalizadas\/","og_locale":"es_ES","og_type":"article","og_title":"Perchas personalizadas - MonCintre.com","og_description":"[vc_row][vc_column][vc_single_image image=&#8221;32752&#8243; img_size=&#8221;full&#8221; css=&#8221;&#8221;][\/vc_column][\/vc_row][vc_row][vc_column width=&#8221;1\/4&#8243;][\/vc_column][vc_column width=&#8221;1\/2&#8243;][vc_column_text css=&#8221;&#8221;] Mon Cintre te ofrece personalizar sus perchas de madera con tu logo o tus iniciales.Desde 4,90\u20ac la percha y para un m\u00ednimo de 20 perchas del mismo modelo, unos d\u00edas bastar\u00e1n para hacer...","og_url":"https:\/\/www.mon-cintre.com\/es\/perchas-personalizadas\/","og_site_name":"MonCintre.com","article_modified_time":"2025-01-31T09:04:43+00:00","twitter_card":"summary_large_image","twitter_misc":{"Tiempo de lectura":"2 minutos"},"schema":{"@context":"https:\/\/schema.org","@graph":[{"@type":"WebPage","@id":"https:\/\/www.mon-cintre.com\/es\/perchas-personalizadas\/","url":"https:\/\/www.mon-cintre.com\/es\/perchas-personalizadas\/","name":"Perchas personalizadas - MonCintre.com","isPartOf":{"@id":"https:\/\/www.mon-cintre.com\/es\/#website"},"datePublished":"2023-02-23T14:34:15+00:00","dateModified":"2025-01-31T09:04:43+00:00","breadcrumb":{"@id":"https:\/\/www.mon-cintre.com\/es\/perchas-personalizadas\/#breadcrumb"},"inLanguage":"es","potentialAction":[{"@type":"ReadAction","target":["https:\/\/www.mon-cintre.com\/es\/perchas-personalizadas\/"]}]},{"@type":"BreadcrumbList","@id":"https:\/\/www.mon-cintre.com\/es\/perchas-personalizadas\/#breadcrumb","itemListElement":[{"@type":"ListItem","position":1,"name":"Accueil","item":"https:\/\/www.mon-cintre.com\/es\/"},{"@type":"ListItem","position":2,"name":"Perchas personalizadas"}]},{"@type":"WebSite","@id":"https:\/\/www.mon-cintre.com\/es\/#website","url":"https:\/\/www.mon-cintre.com\/es\/","name":"MonCintre.com","description":"Cintres et accessoires dressing","publisher":{"@id":"https:\/\/www.mon-cintre.com\/es\/#organization"},"potentialAction":[{"@type":"SearchAction","target":{"@type":"EntryPoint","urlTemplate":"https:\/\/www.mon-cintre.com\/es\/?s={search_term_string}"},"query-input":{"@type":"PropertyValueSpecification","valueRequired":true,"valueName":"search_term_string"}}],"inLanguage":"es"},{"@type":"Organization","@id":"https:\/\/www.mon-cintre.com\/es\/#organization","name":"MonCintre.com","url":"https:\/\/www.mon-cintre.com\/es\/","logo":{"@type":"ImageObject","inLanguage":"es","@id":"https:\/\/www.mon-cintre.com\/es\/#\/schema\/logo\/image\/","url":"https:\/\/www.mon-cintre.com\/wp-content\/uploads\/2022\/12\/logo-blanc.png","contentUrl":"https:\/\/www.mon-cintre.com\/wp-content\/uploads\/2022\/12\/logo-blanc.png","width":345,"height":205,"caption":"MonCintre.com"},"image":{"@id":"https:\/\/www.mon-cintre.com\/es\/#\/schema\/logo\/image\/"}}]}},"_links":{"self":[{"href":"https:\/\/www.mon-cintre.com\/es\/wp-json\/wp\/v2\/pages\/28630","targetHints":{"allow":["GET"]}}],"collection":[{"href":"https:\/\/www.mon-cintre.com\/es\/wp-json\/wp\/v2\/pages"}],"about":[{"href":"https:\/\/www.mon-cintre.com\/es\/wp-json\/wp\/v2\/types\/page"}],"author":[{"embeddable":true,"href":"https:\/\/www.mon-cintre.com\/es\/wp-json\/wp\/v2\/users\/1"}],"replies":[{"embeddable":true,"href":"https:\/\/www.mon-cintre.com\/es\/wp-json\/wp\/v2\/comments?post=28630"}],"version-history":[{"count":14,"href":"https:\/\/www.mon-cintre.com\/es\/wp-json\/wp\/v2\/pages\/28630\/revisions"}],"predecessor-version":[{"id":32777,"href":"https:\/\/www.mon-cintre.com\/es\/wp-json\/wp\/v2\/pages\/28630\/revisions\/32777"}],"wp:attachment":[{"href":"https:\/\/www.mon-cintre.com\/es\/wp-json\/wp\/v2\/media?parent=28630"}],"curies":[{"name":"wp","href":"https:\/\/api.w.org\/{rel}","templated":true}]}}

<div class="wpb-content-wrapper"><p>[vc_row][vc_column][vc_single_image image=&#8221;32752&#8243; img_size=&#8221;full&#8221; css=&#8221;&#8221;][/vc_column][/vc_row][vc_row][vc_column width=&#8221;1/4&#8243;][/vc_column][vc_column width=&#8221;1/2&#8243;][vc_column_text css=&#8221;&#8221;]</p>
<p>Mon Cintre te ofrece personalizar sus perchas de madera con tu logo o tus iniciales.<br />Desde 4,90€ la percha y para un mínimo de 20 perchas del mismo modelo, unos días bastarán para hacer único tu vestidor o perfeccionar la decoración de tu tienda.</p>
<p>Elige entre marcado láser o impresión 1 color (mínimo 50 perchas para impresión).</p>
<p>El <strong>marcado láser</strong>, preciso y elegante, revelará el color natural del fresno. De hecho, la técnica de marcado láser consiste en grabar la madera quemándola en la superficie con un láser muy preciso que permite marcar incluso logotipos complejos. Así, al excavar en la madera de la percha, el verdadero color de la madera se revela bajo el barniz tintado y da este resultado muy apreciado por nuestros clientes.</p>
<p>La impresión, conocida como <strong>tampografía</strong>, es una técnica que consiste en transferir el color mediante una placa cubierta de tinta para transferirla a la percha. La tampografía tiene la ventaja de permitir la adición de un logotipo en 1 color e incluso dorado o plateado. Tenga en cuenta que esta técnica no se adapta a todas nuestras perchas. De hecho, en las perchas de madera cepillada negra, la tinta no podrá depositarse en todas partes porque la superficie no es lisa como en nuestros otros colores.</p>
<p>¿Te encanta la personalización? Elige tus perchas y tu técnica favorita y escríbenos para un presupuesto personalizado: <u><a href="mailto:info@mon-cintre .com">info@mon-cintre.com</a></u></p>
<p>[/vc_column_text][/vc_column][vc_column width=&#8221;1/4&#8243;][/vc_column][/vc_row][vc_row][vc_column][vc_column_text]</p>
<div class="wp-block-column is-layout-flow wp-block-column-is-layout-flow" style="flex-basis:25%"></div>
<p></div>
<p><!-- /wp:post-content --></div>
<p><!-- /wp:column --></div>
<p><!-- /wp:columns --></div>
<p><!-- /wp:column --></div>
<!-- /wp:columns -->
<!-- wp:columns -->
<div class="wp-block-columns"><!-- wp:column {"width":"25%"} -->
<div class="wp-block-column" style="flex-basis:25%"></div>
<!-- /wp:column -->
<!-- wp:column {"width":"50%"} -->
<div class="wp-block-column" style="flex-basis:50%"><!-- wp:video {"id":28549} -->
<figure class="wp-block-video"><video controls poster="https://www.mon-cintre.com/wp-content/uploads/2023/02/titre-marquage-laserES.jpg" src="https://www.mon-cintre.com/wp-content/uploads/2023/02/marcado-laser.mp4"></video></figure>
<p><!-- /wp:video --></div>
<!-- /wp:column -->
<!-- wp:column {"width":"25%"} -->
<div class="wp-block-column" style="flex-basis:25%"></div>
<p><!-- /wp:column --></div>
<!-- /wp:columns -->
<!-- wp:columns -->
<div class="wp-block-columns"><!-- wp:column {"width":"25%"} -->
<div class="wp-block-column" style="flex-basis:25%"></div>
<!-- /wp:column -->
<!-- wp:column {"width":"50%"} -->
<div class="wp-block-column" style="flex-basis:50%"><!-- wp:video {"id":28624} -->
<figure class="wp-block-video"><video controls poster="https://www.mon-cintre.com/wp-content/uploads/2023/02/tampografia.jpg" src="https://www.mon-cintre.com/wp-content/uploads/2023/02/tampografia.mp4"></video></figure>
<p><!-- /wp:video --></div>
<!-- /wp:column -->
<!-- wp:column {"width":"25%"} -->
<div class="wp-block-column" style="flex-basis:25%"></div>
<p><!-- /wp:column --></div>
<p><!-- /wp:columns -->[/vc_column_text][/vc_column][/vc_row]</p>
</div>

<p>[vc_row][vc_column][vc_single_image image=&#8221;32752&#8243; img_size=&#8221;full&#8221; css=&#8221;&#8221;][/vc_column][/vc_row][vc_row][vc_column width=&#8221;1/4&#8243;][/vc_column][vc_column width=&#8221;1/2&#8243;][vc_column_text css=&#8221;&#8221;] Mon Cintre te ofrece personalizar sus perchas de madera con tu logo o tus iniciales.Desde 4,90€ la percha y para un mínimo de 20 perchas del mismo modelo, unos días bastarán para hacer&#8230;</p>

<!-- This site is optimized with the Yoast SEO plugin v27.5 - https://yoast.com/product/yoast-seo-wordpress/ -->
<title>Perchas personalizadas - MonCintre.com</title>
<meta name="robots" content="index, follow, max-snippet:-1, max-image-preview:large, max-video-preview:-1" />
<link rel="canonical" href="https://www.mon-cintre.com/es/perchas-personalizadas/" />
<meta property="og:locale" content="es_ES" />
<meta property="og:type" content="article" />
<meta property="og:title" content="Perchas personalizadas - MonCintre.com" />
<meta property="og:description" content="[vc_row][vc_column][vc_single_image image=&#8221;32752&#8243; img_size=&#8221;full&#8221; css=&#8221;&#8221;][/vc_column][/vc_row][vc_row][vc_column width=&#8221;1/4&#8243;][/vc_column][vc_column width=&#8221;1/2&#8243;][vc_column_text css=&#8221;&#8221;] Mon Cintre te ofrece personalizar sus perchas de madera con tu logo o tus iniciales.Desde 4,90€ la percha y para un mínimo de 20 perchas del mismo modelo, unos días bastarán para hacer..." />
<meta property="og:url" content="https://www.mon-cintre.com/es/perchas-personalizadas/" />
<meta property="og:site_name" content="MonCintre.com" />
<meta property="article:modified_time" content="2025-01-31T09:04:43+00:00" />
<meta name="twitter:card" content="summary_large_image" />
<meta name="twitter:label1" content="Tiempo de lectura" />
	<meta name="twitter:data1" content="2 minutos" />
<script type="application/ld+json" class="yoast-schema-graph">{"@context":"https:\/\/schema.org","@graph":[{"@type":"WebPage","@id":"https:\/\/www.mon-cintre.com\/es\/perchas-personalizadas\/","url":"https:\/\/www.mon-cintre.com\/es\/perchas-personalizadas\/","name":"Perchas personalizadas - MonCintre.com","isPartOf":{"@id":"https:\/\/www.mon-cintre.com\/es\/#website"},"datePublished":"2023-02-23T14:34:15+00:00","dateModified":"2025-01-31T09:04:43+00:00","breadcrumb":{"@id":"https:\/\/www.mon-cintre.com\/es\/perchas-personalizadas\/#breadcrumb"},"inLanguage":"es","potentialAction":[{"@type":"ReadAction","target":["https:\/\/www.mon-cintre.com\/es\/perchas-personalizadas\/"]}]},{"@type":"BreadcrumbList","@id":"https:\/\/www.mon-cintre.com\/es\/perchas-personalizadas\/#breadcrumb","itemListElement":[{"@type":"ListItem","position":1,"name":"Accueil","item":"https:\/\/www.mon-cintre.com\/es\/"},{"@type":"ListItem","position":2,"name":"Perchas personalizadas"}]},{"@type":"WebSite","@id":"https:\/\/www.mon-cintre.com\/es\/#website","url":"https:\/\/www.mon-cintre.com\/es\/","name":"MonCintre.com","description":"Cintres et accessoires dressing","publisher":{"@id":"https:\/\/www.mon-cintre.com\/es\/#organization"},"potentialAction":[{"@type":"SearchAction","target":{"@type":"EntryPoint","urlTemplate":"https:\/\/www.mon-cintre.com\/es\/?s={search_term_string}"},"query-input":{"@type":"PropertyValueSpecification","valueRequired":true,"valueName":"search_term_string"}}],"inLanguage":"es"},{"@type":"Organization","@id":"https:\/\/www.mon-cintre.com\/es\/#organization","name":"MonCintre.com","url":"https:\/\/www.mon-cintre.com\/es\/","logo":{"@type":"ImageObject","inLanguage":"es","@id":"https:\/\/www.mon-cintre.com\/es\/#\/schema\/logo\/image\/","url":"https:\/\/www.mon-cintre.com\/wp-content\/uploads\/2022\/12\/logo-blanc.png","contentUrl":"https:\/\/www.mon-cintre.com\/wp-content\/uploads\/2022\/12\/logo-blanc.png","width":345,"height":205,"caption":"MonCintre.com"},"image":{"@id":"https:\/\/www.mon-cintre.com\/es\/#\/schema\/logo\/image\/"}}]}</script>
<!-- / Yoast SEO plugin. -->

[vc_row][vc_column][vc_single_image image=&#8221;32752&#8243; img_size=&#8221;full&#8221; css=&#8221;&#8221;][/vc_column][/vc_row][vc_row][vc_column width=&#8221;1/4&#8243;][/vc_column][vc_column width=&#8221;1/2&#8243;][vc_column_text css=&#8221;&#8221;] Mon Cintre te ofrece personalizar sus perchas de madera con tu logo o tus iniciales.Desde 4,90€ la percha y para un mínimo de 20 perchas del mismo modelo, unos días bastarán para hacer...
